 = -181*u**2 - 12*u + 26. Let k(i) = -8*l(i) + 9*q(i). Let g = -18 - -26. Determine k(g).
-17
Let t(x) = -x - 5. Let i(n) = n**3 - 13*n**2 - 29*n - 15. Let v be (-19)/(-1 + 4 + -4) + -4. Let s be i(v). Suppose -7*d - 6*d - 78 = s. Give t(d).
1
Suppose -5*x = -0*x + 30. Let k(s) = -730 - 723 - s - 724 + 2174 - s**2. Give k(x).
-33
Suppose 5*p + l + 11 = 16, 5*l = 6*p + 25. Let q(b) = -b**3 + 3*b + 24. Determine q(p).
24
Let j(a) = 8*a - 9955 - 9948 + 19884. Give j(-6).
-67
Let h(f) = f**2 - 34*f + 261. Let s be 35867/341 - 83 - 3/((-33)/(-2)). Determine h(s).
-3
Let x(s) be the first derivative of -1/2*s**2 - 1/12*s**4 + 2 + 6*s - 5/6*s**3. Let j(v) be the first derivative of x(v). Determine j(-5).
-1
Suppose 13 = m - 2*m - 4*p, -2*m - 3*p - 6 = 0. Let x(s) = s**m - 348*s**2 - s - 3 + 4 + 347*s**2 + 1. Give x(-2).
-8
Let n(u) = u**2 + 15*u + 56. Suppose 5*x + 4*a - 5*a + 37 = 0, -2*x - 10 = -2*a. Give n(x).
0
Let z(v) = -9*v**2 + 221*v + 19*v**2 + v**3 + 5 - 224*v + 21. Determine z(-11).
-62
Suppose 3*t - i = 0, -6*i = -5*t - 2*i. Let w(b) = b**2 - 23*b - 2. Give w(t).
-2
Let r(q) = -8*q + q - 2*q - 4 + 4*q. Let v = -8165 - -8161. Calculate r(v).
16
Let x(b) = b**3 - 49*b**2 - 48*b - 108. Let p be (50/(-6))/(-7 - 902/(-132)). Give x(p).
-8
Let h(j) = -4*j**2 + 2*j + 2. Let w be h(0). Suppose -4*i + 8*i = 3*r + 24, -16 = w*r - 2*i. Let u(y) = y**3 + 7*y**2 - 9*y - 3. Determine u(r).
5
Let z(c) = -c**3 - 38*c**2 - 188*c + 30. Let d be z(-6). Let y(n) be the first derivative of -n**4/4 + 2*n**3 + n**2/2 - 2*n + 4. Determine y(d).
4
Let y(g) be the first derivative of -g**2 + 26*g + 23. Suppose -86*w - 35 = -2*u - 85*w, -u - 5*w + 23 = 0. Determine y(u).
-10
Suppose -z + 6 = 2, -5*r - 12 = 2*z. Let g(q) = -2*q - 11. Give g(r).
-3
Let y(a) be the second derivative of a**4/12 - 5*a**3/6 - 95*a**2/2 + 71*a. Give y(-8).
9
Let w(s) = -6*s**2 - 26*s. Let c be w(-3). Suppose -v = -2*k - c, -3*k = 2*k + 5*v + 45. Let a(l) = -l**3 - 11*l**2 - 2*l - 10. Calculate a(k).
12
Let f(c) = c**3 + 15*c**2 + 17*c - 1. Let x be f(-12). Let i = x + -229. Let o(j) = j**3 - j**2 + j + 1. What is o(i)?
-13
Let o be (-5)/10 + (-90)/(-4). Let h(a) be the second derivative of -4*a**2 - o*a + 0 + 1/6*a**3. What is h(6)?
-2
Let r(p) = -p**2 - 4*p + 3. Suppose 3*c - 6 = c. Let u = -1303 + 1306. Let t be (c + (-30)/8)*(u + 1). Calculate r(t).
6
Let i(p) = -p**2 + 5*p + 147. Let q be i(22). Let b = q + 230. Let l(y) = -y**3 + 3*y**2 - y + 2. Give l(b).
-1
Let y(d) = -3*d**2 + 2*d. Suppose 0 = 4*h + r - 4, h - 4*r = 4*h - 16. Suppose 19 = 4*s - 5*c - 4, h = 2*c + 6. Calculate y(s).
-8
Let m(j) be the third derivative of j**5/60 - 11*j**4/12 + 77*j**3/6 - 1218*j**2. What is m(17)?
-8
Suppose -87*u + 14859 = -12*u + 15834. Let q(s) = 7*s**3 + 8*s**2 + 20*s + 12. Let i(n) = -6*n**3 - 9*n**2 - 19*n - 13. Let d(a) = 6*i(a) + 5*q(a). Give d(u).
-5
Let u be 4*((-2)/(-6) - 1/(-6)). Let t(n) = -8*n + 6*n + 0 + 19*n**2 + 6 - 21*n**u. Give t(4).
-34
Suppose 3*p + 3 = -4*x + 34, -p = -3*x - 6. Let i(w) = 2*w + 18. Let m be i(-3). Let s = m - p. Let t(q) = -q**2 + 6*q - 3. What is t(s)?
6
Let r(w) = 4*w + 2. Let o(y) = 2*y + 1. Let j(s) = -5*o(s) + 3*r(s). Let t = 6478 + -6475. Give j(t).
7
Let r(m) = -m**2 - 18*m - 17. Let d(z) = -z**3 - 7*z**2 + 3*z + 33. Let t be d(-3). Give r(t).
55
Let b = 8 - 5. Let q(v) = 40*v + 2. Let m(u) = 237*u + 16. Let x(o) = -m(o) + 6*q(o). Calculate x(b).
5
Let a(v) = -2 + 1026*v**3 + 2*v**2 - 4123*v**3 + 1012*v**3 + 1036*v**3 + 1015*v**3. Determine a(-1).
34
Let m be ((-6864)/182)/(-22)*(-7)/2. Let y(l) be the third derivative of -5*l**4/24 - 23*l**3/6 - 41*l**2. Give y(m).
7
Let j = -2522 - -2523. Let l(v) be the second derivative of v**4/12 + v**3/6 - v**2/2 + v. Calculate l(j).
1
Let y be (-12 - -20 - 14)/(-2). Let s(h) = 2*h - 17. Calculate s(y).
-11
Suppose 37 = 3*s - 2*u, -66*s = -65*s - u - 12. Let w(o) = -o + 14. Calculate w(s).
1
Suppose -4*n + 4 - 24 = 0, 224 = 3*z + 2*n. Let y(u) = -39 + z + u**2 - 16*u - 32. Calculate y(16).
7
Suppose -4*c + 1209 = -283. Let d = -379 + c. Let j(n) = n**3 + 7*n**2 + 6*n + 6. Give j(d).
6
Let f(z) = 9*z - 4. Suppose 0 = -15*b - 9*b - 3312. Let q = 141 + b. Give f(q).
23
Let r = -48 + 49. Let y be 28/(-42)*(r - 82). Let l be y/(1 + -7) + -1 + 3. Let k(v) = -v**3 - 7*v**2 + v + 6. Determine k(l).
-1
Let a(c) = c**3 + 27*c**2 + 26*c + 24. Let s be a(-26). Let m(y) = -y**2 + 22*y + 50. Let t be m(s). Let q(d) = 3*d**2 - d - 4. Give q(t).
6
Let f(b) = b**2 - 4*b + 1. Let w = 3 + 7. Let u(y) = -16 + w*y - 19*y + 16*y. Let n be u(3). Calculate f(n).
6
Let l be 9666/33 + 5/55. Suppose 4*y = -273 + l. Let u(r) = -r**3 + 5*r**2 + 3*r - 5. Give u(y).
10
Let a be (-23)/((-161)/98) - 10. Let i(r) = 4 - 1 + 5*r - 78*r**3 + 1 + 79*r**3 - 3*r**2. Determine i(a).
40
Let g(y) = -y**3 + 8*y**2 - 2*y - 8. Let q be ((-6)/15)/(((-55)/(-100))/(-11)). Determine g(q).
-24
Let b = 9372 - 9363. Let f(g) = -g**2 + g + 7. Determine f(b).
-65
Let j(g) be the second derivative of -g**5/20 - g**4/3 - g**3/2 - 35*g - 7. Suppose 5*s + p = -5, 3*s - s - 4*p + 24 = 0. Give j(s).
-2
Let t = -17416 - -17415. Let d(c) = c. Calculate d(t).
-1
Let s(m) = -31 + 17 - m**2 - 24*m + 0*m**2 - 9 - 39. Give s(-21).
1
Let c(f) be the third derivative of -f**5/15 + 25*f**4/24 + f**3 + 2*f**2 - 920. Calculate c(7).
-15
Let u = 6 - 14. Let v be 5*-3*u/60. Let z(m) = m**2 + 11 - 2*m**2 - 14 + 4. Calculate z(v).
-3
Suppose -119 = 13*d - 5*d + 9*d. Let w(x) be the third derivative of -5*x**4/24 - 5*x**3/6 + 3*x**2. Determine w(d).
30
Let y(k) be the second derivative of -39*k + 2/3*k**4 + 0*k**2 + 0 - 1/6*k**3. What is y(1)?
7
Let s(c) = c**2 - 13*c + 7. Suppose 158 - 122 = 4*k. Let z(i) = -i**2 + 7*i + 30. Let x be z(k). What is s(x)?
-5
Let k(p) = 2*p - 9. Let c(z) = -z**3 - 8*z**2 - 11*z + 20. Let d be c(-6). Let x(j) = -4*j + 62. Let v be x(d). What is k(v)?
3
Let f(j) = 19*j**2 - 4*j + 30. Let n(c) = 3*c**2 + 8. Let k(u) = -f(u) + 5*n(u). Give k(-3).
-38
Let g(u) = 4*u - 5. Suppose 5*n - 2*k - 6 = 3*n, -3*k = -n + 9. Suppose n = 4*s - 5*y + 2, 2*y = 3*s + 6*y - 14. What is g(s)?
3
Let j(t) = -t**3 + 6*t**2 - 2. Suppose -6 = -5*l - 6. Suppose -3*h + 5*h + 4 = l. Let w be 2 - (-4 - (-6 - h)) - -4. Calculate j(w).
-2
Let r(z) be the second derivative of z**5/20 + 2*z**4/3 + z**3/2 - 3*z**2/2 - 3*z + 73. Determine r(-8).
-27
Let k(p) be the second derivative of 2/3*p**3 - 7/2*p**2 + 0 + 116*p. Give k(4).
9
Let n(r) = 7*r - 1010. Let h(p) = -6*p + 842. Let y(v) = 6*h(v) + 5*n(v). Suppose 6 = 5*o - 4. What is y(o)?
0
Suppose 60*r - 78 = -5 + 47. Let z(x) = -4*x**2 - 5*x + 11. What is z(r)?
-15
Let y be (-1301)/(5 + (-80)/15). Let x(w) = 1 + 4*w**2 + 2 - 5*w**2 + y*w - 3900*w. Calculate x(4).
-1
Let d(f) be the second derivative of 1/12*f**4 - 47/2*f**2 + 1/6*f**3 + 1 - 56*f. What is d(0)?
-47
Let l(v) = 7*v + 27. Let u(g) = -26*g - 104. Let h(x) = 30*l(x) + 8*u(x). Determine h(12).
2
Let a be ((4/6)/(-1))/(142/639). Let t(h) = -2*h - 7. What is t(a)?
-1
Suppose 3*c + 28 = l, -3*l - 9*c + 76 = -10*c. Let h(a) = -l*a + 46*a - 22*a. Give h(1).
-1
Suppose -19*b + 29 = -9. Let f(t) be the second derivative of -5/2*t**b - 5/6*t**3 - 29*t - 1/12*t**4 + 0. What is f(-4)?
-1
Let a(p) = -385*p**2 - 4 - 389*p**2 - 7 - 6 - 4*p + 773*p**2. Calculate a(-8).
-49
Let n = 410 + -406. Suppose 2*d = 4*d, -4*r + n*d = 28. Let q(w) = -w**3 - 7*w**2 + w + 5. Give q(r).
-2
Let w(n) = n**3 - n**2 - n. Let m(s) = 0*s**3 - s + 0*s + 3*s**3 + 20 - 23 - 2*s. Let b(p) = -m(p) + 2*w(p). Calculate b(-3).
9
Let g = -16 - -10. Let u(n) be the third derivative of 3/8*n**4 + 0*n + 1/60*n**5 + 0 + 3/2*n**3 - 44*n**2. What is u(g)?
-9
Let m(h) = -15*h - 15. Let y(a) = 2*a + 2. Suppose 2*n = 4*j - 16 + 4, -5*j = -10. Let i(z) = n*m(z) - 14*y(z). Give i(4).
10
Let s be 3/(-6)*8 - (-9 + 3). Let i(k) be the second derivative of k**3/6 - k**2/2 - 26*k. What is i(s)?
1
Let l be 9 + (0 + -1)*(5 - 4). Let r(x) = 7*x - 2. Let s(h) = 11*h - 3. Let g(k) = l*r(k) - 5*s(k). Give g(-2).
-3
Let g(a) = a**2 - 27*a - 1630. Let v be g(56). Let w(p) = 31*p + 39. What is w(v)?
-147
Suppose 2*o + 88 = 18. Let h be (o/(-5) - 2) + -1. Let g(v) = 4*v - h + 7*v + 3*v - 13*v. What is g(0)?
-4
Let n(b) be the second derivative of 